{"id":35533,"date":"2025-03-20T16:07:39","date_gmt":"2025-03-20T21:07:39","guid":{"rendered":"https:\/\/mimitoi.com\/?post_type=product&#038;p=35533"},"modified":"2025-10-23T16:56:41","modified_gmt":"2025-10-23T21:56:41","slug":"esponjilla-limpiador-de-ranuras","status":"publish","type":"product","link":"https:\/\/mimitoi.com\/index.php\/product\/esponjilla-limpiador-de-ranuras\/","title":{"rendered":"Esponjilla Limpiador De Ranuras"},"content":{"rendered":"<p>Esponjilla para limpieza de ranuras de ventanas o divisiones de Ba\u00f1o, ideal para llegar a esos espacios a la hora de limpiar y que todo luzca bien y limpio!!!!<\/p>\n<p>1. Utilizado para limpieza y eliminaci\u00f3n de polvo, cocinas, ba\u00f1os, para diferentes ocasiones, fuerte descontaminaci\u00f3n limpieza del hogar, es su familia un buen asistente.<\/p>\n<p>2. Nuevo y de alta calidad, el dise\u00f1o especial hace que la limpieza sea f\u00e1cil, le ahorra tiempo, duradero en uso. Ligero y f\u00e1cil de usar, opci\u00f3n ideal para uso dom\u00e9stico.<\/p>\n<p>3. Mango de material PP, agarre c\u00f3modo, dise\u00f1o de cabezal de cepillo fijo, buen poder de limpieza, puede limpiar deslizamientos y huecos de puertas y ventanas, etc., f\u00e1cil y sin esfuerzo.<\/p>\n<p>4. Se utiliza para limpieza y eliminaci\u00f3n de polvo, cocinas, ba\u00f1os, para diferentes ocasiones, descontaminaci\u00f3n fuerte, limpieza del hogar, es un buen asistente familiar.<\/p>\n<p>5. Se ajusta a la superficie limpia para una f\u00e1cil limpieza.<\/p>\n<p>Especificaci\u00f3n:<br \/>\nMaterial: PP + estropajo<br \/>\nPeso: aproximadamente 35g\/1 piezas<\/p>\n<p>!!!!!COMPRALO YA!!!!!<\/p>\n","protected":false},"excerpt":{"rendered":"<p>Esponjilla para limpieza de ranuras de ventanas o divisiones de Ba\u00f1o, ideal para llegar a esos espacios a la hora de limpiar y que todo luzca bien y limpio!!!!<\/p>\n<p>1. Utilizado para limpieza y eliminaci\u00f3n de polvo, cocinas, ba\u00f1os, para diferentes ocasiones, fuerte descontaminaci\u00f3n limpieza del hogar, es su familia un buen asistente.<\/p>\n<p>2. Nuevo y de alta calidad, el dise\u00f1o especial hace que la limpieza sea f\u00e1cil, le ahorra tiempo, duradero en uso. Ligero y f\u00e1cil de usar, opci\u00f3n ideal para uso dom\u00e9stico.<\/p>\n<p>3. Mango de material PP, agarre c\u00f3modo, dise\u00f1o de cabezal de cepillo fijo, buen poder de limpieza, puede limpiar deslizamientos y huecos de puertas y ventanas, etc., f\u00e1cil y sin esfuerzo.<\/p>\n<p>4. Se utiliza para limpieza y eliminaci\u00f3n de polvo, cocinas, ba\u00f1os, para diferentes ocasiones, descontaminaci\u00f3n fuerte, limpieza del hogar, es un buen asistente familiar.<\/p>\n<p>5. Se ajusta a la superficie limpia para una f\u00e1cil limpieza.<\/p>\n<p>Especificaci\u00f3n:<br \/>\nMaterial: PP + estropajo<br \/>\nPeso: aproximadamente 35g\/1 piezas<\/p>\n<p>!!!!!COMPRALO YA!!!!!<\/p>\n","protected":false},"featured_media":35535,"comment_status":"open","ping_status":"closed","template":"","meta":{"om_disable_all_campaigns":false,"_monsterinsights_skip_tracking":false,"_monsterinsights_sitenote_active":false,"_monsterinsights_sitenote_note":"","_monsterinsights_sitenote_category":0,"_uf_show_specific_survey":0,"_uf_disable_surveys":false},"product_cat":[217],"product_tag":[],"aioseo_notices":[],"jetpack_sharing_enabled":true,"_links":{"self":[{"href":"https:\/\/mimitoi.com\/index.php\/wp-json\/wp\/v2\/product\/35533"}],"collection":[{"href":"https:\/\/mimitoi.com\/index.php\/wp-json\/wp\/v2\/product"}],"about":[{"href":"https:\/\/mimitoi.com\/index.php\/wp-json\/wp\/v2\/types\/product"}],"replies":[{"embeddable":true,"href":"https:\/\/mimitoi.com\/index.php\/wp-json\/wp\/v2\/comments?post=35533"}],"wp:featuredmedia":[{"embeddable":true,"href":"https:\/\/mimitoi.com\/index.php\/wp-json\/wp\/v2\/media\/35535"}],"wp:attachment":[{"href":"https:\/\/mimitoi.com\/index.php\/wp-json\/wp\/v2\/media?parent=35533"}],"wp:term":[{"taxonomy":"product_cat","embeddable":true,"href":"https:\/\/mimitoi.com\/index.php\/wp-json\/wp\/v2\/product_cat?post=35533"},{"taxonomy":"product_tag","embeddable":true,"href":"https:\/\/mimitoi.com\/index.php\/wp-json\/wp\/v2\/product_tag?post=35533"}],"curies":[{"name":"wp","href":"https:\/\/api.w.org\/{rel}","templated":true}]}}