{"id":35485,"date":"2025-03-19T12:12:46","date_gmt":"2025-03-19T17:12:46","guid":{"rendered":"https:\/\/mimitoi.com\/?post_type=product&#038;p=35485"},"modified":"2026-02-14T02:17:14","modified_gmt":"2026-02-14T07:17:14","slug":"alcancia-ninos-cajero-automatico-monedas-billete","status":"publish","type":"product","link":"https:\/\/mimitoi.com\/index.php\/product\/alcancia-ninos-cajero-automatico-monedas-billete\/","title":{"rendered":"Alcanc\u00eda Ni\u00f1os Cajero Autom\u00e1tico &#8211; Monedas Billete &#8211;"},"content":{"rendered":"<p>Linda y Hermosa Caja fuerte o Alcanc\u00eda para ahorrar, coloca la clave a la caja fuerte y gira la perilla para abrir la caja, tiene SONIDOS y luces LED tanto como si la clave es correcta o si es incorrecta.<\/p>\n<p>Tiene un espacio para insertar billetes, cuando lo insertas hay un rodillo que hala el billete y tambi\u00e9n alumbra un LED. En la parte superior tambi\u00e9n cuenta con una ranura para insertar monedas.<\/p>\n<p>Sonidos: Si<br \/>\nDimensiones: 20 cm alto x 13 cm x 9 cm<br \/>\nBater\u00edas : 3 bater\u00edas AA (No incluidas)<\/p>\n<p>Garant\u00eda del vendedor: 30 d\u00edas<\/p>\n<p>!!!!!!!!!COMPRALO YA!!!!!!!!!!!!<\/p>\n","protected":false},"excerpt":{"rendered":"<p>Linda y Hermosa Caja fuerte o Alcanc\u00eda para ahorrar, coloca la clave a la caja fuerte y gira la perilla para abrir la caja, tiene SONIDOS y luces LED tanto como si la clave es correcta o si es incorrecta. Tiene un espacio para insertar billetes, cuando lo insertas hay un rodillo que hala el [&hellip;]<\/p>\n","protected":false},"featured_media":35487,"comment_status":"open","ping_status":"closed","template":"","meta":{"om_disable_all_campaigns":false,"_monsterinsights_skip_tracking":false,"_monsterinsights_sitenote_active":false,"_monsterinsights_sitenote_note":"","_monsterinsights_sitenote_category":0,"_uf_show_specific_survey":0,"_uf_disable_surveys":false},"product_cat":[216],"product_tag":[],"aioseo_notices":[],"jetpack_sharing_enabled":true,"_links":{"self":[{"href":"https:\/\/mimitoi.com\/index.php\/wp-json\/wp\/v2\/product\/35485"}],"collection":[{"href":"https:\/\/mimitoi.com\/index.php\/wp-json\/wp\/v2\/product"}],"about":[{"href":"https:\/\/mimitoi.com\/index.php\/wp-json\/wp\/v2\/types\/product"}],"replies":[{"embeddable":true,"href":"https:\/\/mimitoi.com\/index.php\/wp-json\/wp\/v2\/comments?post=35485"}],"wp:featuredmedia":[{"embeddable":true,"href":"https:\/\/mimitoi.com\/index.php\/wp-json\/wp\/v2\/media\/35487"}],"wp:attachment":[{"href":"https:\/\/mimitoi.com\/index.php\/wp-json\/wp\/v2\/media?parent=35485"}],"wp:term":[{"taxonomy":"product_cat","embeddable":true,"href":"https:\/\/mimitoi.com\/index.php\/wp-json\/wp\/v2\/product_cat?post=35485"},{"taxonomy":"product_tag","embeddable":true,"href":"https:\/\/mimitoi.com\/index.php\/wp-json\/wp\/v2\/product_tag?post=35485"}],"curies":[{"name":"wp","href":"https:\/\/api.w.org\/{rel}","templated":true}]}}